 greatest common factor of q and 31?
31
Let x = 603 + -571. What is the highest common divisor of x and 1568?
32
Suppose 928*u - 935*u = -840. What is the highest common divisor of 80 and u?
40
Let j be 3/(-1) + (0 - -5). Suppose -4*x + 2 = 5*p, 5*p + 4 = j*p - 5*x. Suppose 0*b - 20 = -p*b. Calculate the highest common divisor of b and 2.
2
Let r = -12 + 14. Let b be r + (1 - (-1 - 0)). Let i(n) = 2*n**3 - 6*n**2 - n + 7. Let j be i(b). Calculate the highest common divisor of j and 7.
7
Let r(l) = l**2 + 7*l - 5. Let s(x) = x**2 + 6*x - 6. Let t(f) = 2*r(f) - 3*s(f). Let j be t(-3). Calculate the highest common divisor of j and 11.
11
Let c(p) = p**3 + 9*p**2 - 24*p - 16. Let x be c(-11). Suppose 51 = x*b - 3*b. What is the greatest common divisor of 153 and b?
17
Let j(r) be the first derivative of 9*r**4/4 + r**3/3 + 10. Let a be j(1). What is the greatest common divisor of a and 70?
10
Let c = 247 + -193. What is the greatest common factor of 594 and c?
54
Let d = -523 + 633. Calculate the greatest common divisor of 10 and d.
10
Suppose 0 = -3*k + f + 109 + 30, 2*f + 48 = k. Suppose 8*d - k = 26. Calculate the greatest common divisor of d and 36.
9
Suppose 0 = 4*q - 29*x + 34*x - 769, -578 = -3*q - 4*x. Calculate the greatest common factor of 6 and q.
6
Let a be (4 - 4)/1 + (-2898)/(-6). Calculate the highest common divisor of 21 and a.
21
Suppose 54*b - 980 = 5*b. Calculate the greatest common factor of 32 and b.
4
Let d(l) = -l**3 + 8*l**2 + 22*l - 12. Let r be d(10). Suppose -103 = -2*n + 9. Calculate the greatest common factor of n and r.
8
Let o(q) = q - 3. Suppose -4*u = 5*w - 56, 20 = -u + 5*u - 4*w. Let y be o(u). What is the greatest common factor of 42 and y?
6
Let n be ((-10304)/48)/(-1*1/3). Calculate the highest common factor of 28 and n.
28
Let n be -2 + (-112)/(-21) - 2/(-3). Suppose 2*d + 38 = n*u - 64, -3*d = -15. What is the highest common factor of u and 7?
7
Let i = -15 + 60. Let y = 109 + -9. Suppose 5*m + 4*c = -14 + y, -2*c = 2*m - 34. Calculate the greatest common divisor of m and i.
9
Let h(u) = -u**2 - 8*u + 11. Let g be h(-9). Suppose 2*i = -0*i - 3*q + 27, -g*i - 4*q = -30. Calculate the highest common divisor of 9 and i.
9
Suppose 3*s - 125 - 65 = l, -184 = -3*s - 5*l. Let g be (0 - (-2)/(-4))*12. Let z = 13 + g. Calculate the highest common factor of z and s.
7
Let t(h) = -h**3 + 10*h**2 + 4*h - 9. Let u be (-28)/(-3) + 4/6. Let r be t(u). What is the greatest common divisor of r and 310?
31
Let m = 17 - 10. Suppose -4*u = -m*u + 3. Calculate the highest common divisor of 3 and u.
1
Suppose 428 + 148 = 6*p. Let n = p - 30. Calculate the greatest common factor of 6 and n.
6
Suppose 15 = 3*n - 5*d, d + 4*d - 10 = -2*n. Suppose -225 = -n*r - 3*y, -3*r + 2*y + 164 = -2*y. Calculate the greatest common divisor of r and 120.
24
Let j = 47 - 31. Suppose 5*y - 3 = -8, -5*o + y + 1146 = 0. Suppose -o = -2*t + 59. What is the greatest common factor of t and j?
16
Suppose 370 = -5*d - 2*h, 2*h = 4*d - 3*h + 329. Let t = 51 + d. Let k = t + 32. What is the highest common factor of k and 28?
7
Let g be (33/(-12))/(4*8/(-2304)). Let y be (-16)/(-9) + 6/27. Suppose y*d - 42 = 24. Calculate the highest common divisor of d and g.
33
Let b(z) = -11*z - 9. Let j be -2 - (0 + 1 + 2). Let x be b(j). Let p = -67 + 182. Calculate the greatest common divisor of x and p.
23
Suppose -d = d - 120. Let j = 88 - d. Let v = j + -16. What is the highest common divisor of 18 and v?
6
Let p = -170 - -119. Let a = 20 + p. Let l = a + 43. What is the highest common factor of 30 and l?
6
Let q = 18 - 16. Suppose 0 = -2*f - 3 + 7. Suppose -3 = 4*m - 2*p - 11, q*m - f*p = 4. Calculate the highest common factor of 2 and m.
2
Let k(v) = 11*v**2 + 4*v - 99. Let l be k(8). Calculate the greatest common factor of 364 and l.
91
Let x(y) = 15*y + 161. Let p be x(-9). Let c = 44 + -18. Calculate the greatest common divisor of c and p.
26
Suppose -7 = -f - 2*y, 3*f - 4*f = 3*y - 9. Suppose -133 = -f*q + 173. Calculate the greatest common divisor of 68 and q.
34
Let m(j) = 100*j**2 + 6*j - 13. Let w be m(2). Calculate the greatest common divisor of 57 and w.
57
Suppose q + 256 = 4*t, q = t - 188 - 83. Suppose -77*b = -76*b + 122. Let f = b - q. What is the greatest common divisor of f and 14?
14
Let d = -513 + 560. Calculate the greatest common divisor of d and 799.
47
Suppose -16 - 64 = -4*s. What is the highest common divisor of 8 and s?
4
Suppose -5 = -2*r + 3*r, -v + 24 = 2*r. Let k(g) = -3*g**2 - 73*g + 61. Let u be k(-23). Calculate the greatest common factor of u and v.
17
Let r(m) = -3*m - 18. Let x be r(-9). Let a be 21/2*6/x. Let u be 58/8 + (-2)/8. Calculate the greatest common divisor of a and u.
7
Suppose -24 = -5*l + 3*u + 33, -5*l = -u - 49. Suppose -p = 13 - 16. Calculate the greatest common factor of l and p.
3
Let a be -2*8315/10*-3*1. Let r be a/45 - 2/(-15). What is the greatest common factor of r and 37?
37
Suppose -80 = -2*l - 76. Suppose -2*t - 7 + 19 = 0. Suppose 100 - 30 = 5*w - 5*n, t = l*n. What is the greatest common divisor of 17 and w?
17
Let i(v) = -8*v - 479. Let q be i(-60). Calculate the greatest common divisor of 3 and q.
1
Let k = -15 - 39. Let s = -31 - k. Let p = 131 + -62. Calculate the highest common divisor of p and s.
23
Let s(n) = n**3 + 6*n**2 - 21*n - 33. Let p be s(-8). What is the greatest common factor of p and 2149?
7
Let i be 6/9*(-1 + 4). Let k(o) = 3*o**2 + 5*o + 6. Let q(w) = w**2 - 6*w - 3. Let j be q(6). Let y be k(j). Calculate the highest common divisor of i and y.
2
Suppose -145*b + 174 = -139*b. Calculate the highest common divisor of b and 145.
29
Let i = 221 + -211. Let a(v) = -7*v - 5. Let t be a(-6). Suppose -3*o + t + 83 = 0. What is the greatest common factor of i and o?
10
Suppose k - 4*y + 15 = 0, 5*k + 2*y = -31 - 0. Let q be ((-8)/10)/(9/(-90)). Let x be 4 + q/(k - -3). What is the greatest common divisor of x and 22?
2
Let m = -277 - -277. Suppose 0*o - o = -990. Suppose m = 2*r + 3*r - o. What is the greatest common factor of r and 18?
18
Let q be (-2)/(-3)*(40 + -34). Calculate the highest common divisor of 92 and q.
4
Let o(u) = u**2 - u. Let f be o(2). Suppose 0 = -5*t - y + 60, t - 4*y + 6*y - 21 = 0. Suppose -i = -f - t. Calculate the highest common factor of 143 and i.
13
Suppose 3*k - 24 = -3*k. Suppose k*d = 40 - 16. Suppose 5*b - 18 = 2*b. Calculate the highest common factor of b and d.
6
Let z be 10/35 - 2/14*-131. Let j = -7 + 58. Let d = j - z. Calculate the highest common factor of 160 and d.
32
Let i(r) = r**2 - 8*r + 19. Let a be i(17). Suppose a = 6*p - 26. What is the greatest common divisor of 99 and p?
33
Let x = -16 - -18. Let s(h) = 6*h**x + 5 + 0*h**3 - h**3 + 0 + 8*h. Let a be s(7). Calculate the greatest common divisor of a and 132.
12
Let u be (1062 - (5 - -3)) + -4. Calculate the greatest common divisor of 14 and u.
14
Let y = 1209 + -1207. What is the highest common divisor of y and 2?
2
Let u(d) = 14*d - 5*d**2 - d + d**3 - 7*d. Let g be u(5). Suppose a + g = 4*a. Calculate the highest common divisor of 10 and a.
10
Let u be 50 + (7 - 1) + -12. Calculate the highest common divisor of 12 and u.
4
Let w(a) = -a**3 - 4 + 5 + 2 - 5. Let g be w(-2). Let n(o) = o**3 + 4*o - 9. Let p be n(g). What is the greatest common factor of 21 and p?
21
Let b(j) = -2*j**3 + 11 + j - 15 - 4*j**3 - 4*j + 2*j**2. Let f be b(-1). Let y be (16/(-6))/(5/(-105)). Calculate the highest common factor of y and f.
7
Let v = 11 - 106. Let j = 98 + v. What is the highest common factor of j and 3?
3
Suppose -3461 = -58*d - 445. What is the highest common divisor of 156 and d?
52
Suppose -2*d - 2*d = 2*n - 60, 135 = 5*n + 5*d. Suppose 0 = 4*t - 3*t + 4*m + 1, 2*m - 10 = -4*t. Calculate the greatest common factor of t and n.
3
Suppose 384 = 18*g - 2*g. Calculate the greatest common divisor of 56 and g.
8
Let q = 8219 + -8202. Let h = 203 + -67. What is the greatest common factor of q and h?
17
Suppose 814 = 38*b - 22. Calculate the greatest common divisor of 902 and b.
22
Let x be (-310)/(-8) - ((-18)/8)/(-3). Calculate the highest common divisor of x and 171.
19
Let a be 9 + -6 + (-90)/(-2). Suppose 5*n - a - 32 = 0. Let s = 0 + 48. What is the highest common factor of s and n?
16
Let a =